visor of 22753 and 4849?
373
Calculate the greatest common factor of 74 and 10142.
2
What is the highest common divisor of 375383 and 437?
437
What is the greatest common divisor of 169 and 109902?
13
Calculate the greatest common factor of 35680 and 669.
223
Calculate the highest common divisor of 232 and 1508.
116
Calculate the greatest common divisor of 95526 and 18.
18
What is the highest common divisor of 1091912 and 1312?
328
What is the greatest common divisor of 6747864 and 3792?
1896
What is the highest common factor of 708 and 175548?
12
Calculate the greatest common divisor of 11 and 72589.
11
Calculate the greatest common factor of 66 and 16629.
3
Calculate the highest common divisor of 724861 and 489.
163
What is the greatest common factor of 164674 and 274?
274
Calculate the highest common factor of 36244 and 34.
34
Calculate the greatest common divisor of 45 and 1190145.
15
Calculate the greatest common factor of 46 and 18101.
23
What is the highest common divisor of 108 and 1357722?
54
Calculate the greatest common factor of 1229280 and 7200.
480
Calculate the highest common divisor of 7 and 817943.
7
Calculate the greatest common divisor of 5899 and 2006.
17
What is the greatest common factor of 1564 and 323?
17
What is the greatest common divisor of 308864 and 49856?
1216
What is the highest common factor of 3761108 and 302?
302
What is the greatest common divisor of 34204 and 612?
68
What is the greatest common divisor of 61 and 345321?
61
Calculate the highest common factor of 43422 and 432.
6
What is the highest common divisor of 180 and 9855?
45
What is the highest common divisor of 1791 and 4833?
9
What is the greatest common factor of 170 and 3671354?
34
Calculate the greatest common factor of 150 and 46875.
75
What is the greatest common divisor of 1134216 and 1534?
118
Calculate the greatest common factor of 61625 and 1125.
125
Calculate the greatest common divisor of 140 and 619980.
20
Calculate the highest common factor of 1985 and 845.
5
What is the highest common factor of 81 and 1620?
81
What is the highest common factor of 490359 and 7679?
1097
Calculate the highest common divisor of 60 and 9315.
15
What is the highest common factor of 27 and 132543?
27
What is the highest common factor of 4464092 and 692?
692
What is the greatest common factor of 4317 and 1857?
3
Calculate the highest common factor of 4995 and 4218.
111
What is the highest common factor of 44326 and 4810?
74
Calculate the highest common factor of 5924579 and 1941.
647
Calculate the highest common factor of 589141 and 14.
7
Calculate the greatest common factor of 221 and 49946.
221
Calculate the greatest common factor of 92536 and 29928.
344
Calculate the highest common divisor of 294 and 11214.
42
Calculate the highest common divisor of 124149 and 58.
29
Calculate the greatest common divisor of 61016 and 2842.
58
What is the highest common divisor of 1 and 85901?
1
Calculate the highest common factor of 648 and 508788.
108
Calculate the greatest common divisor of 276 and 3726.
138
What is the greatest common divisor of 157 and 465191?
157
What is the greatest common factor of 75 and 71325?
75
Calculate the highest common factor of 407 and 4246.
11
What is the highest common factor of 411 and 138?
3
Calculate the greatest common divisor of 36435 and 8505.
105
Calculate the greatest common factor of 468 and 6981.
39
What is the highest common divisor of 5740092 and 108?
108
Calculate the highest common factor of 6646050 and 1215.
1215
What is the highest common factor of 3620 and 160?
20
Calculate the greatest common divisor of 20 and 148010.
10
What is the greatest common factor of 140 and 54980?
20
Calculate the greatest common divisor of 5204 and 500.
4
What is the greatest common factor of 2418 and 1250509?
403
Calculate the greatest common factor of 1700 and 119068.
68
Calculate the highest common factor of 340 and 970.
10
What is the greatest common divisor of 2338 and 53984?
14
What is the highest common factor of 7 and 73507?
7
What is the highest common factor of 657 and 4924215?
657
Calculate the highest common divisor of 146997 and 9.
9
Calculate the greatest common factor of 124 and 104842.
62
Calculate the highest common factor of 66 and 18942.
66
Calculate the greatest common divisor of 181955 and 45.
5
What is the highest common factor of 67980 and 17292?
132
What is the highest common factor of 12 and 296196?
12
What is the highest common factor of 10492 and 52?
4
What is the highest common divisor of 604 and 24462?
302
What is the highest common divisor of 13275 and 117705?
885
What is the greatest common factor of 338 and 17?
1
Calculate the greatest common factor of 1742 and 304984.
134
What is the greatest common factor of 618990 and 45?
15
Calculate the greatest common divisor of 36360 and 80.
40
What is the greatest common factor of 202894 and 916?
458
Calculate the highest common divisor of 4820 and 4790.
10
What is the greatest common factor of 5637 and 24?
3
What is the highest common factor of 4920945 and 15?
15
Calculate the greatest common divisor of 879 and 46587.
879
What is the highest common divisor of 196 and 56028?
28
What is the highest common divisor of 10560 and 109065?
165
Calculate the greatest common divisor of 120803 and 856.
107
What is the greatest common divisor of 1943 and 1189?
29
Calculate the greatest common divisor of 3792 and 1650784.
1264
What is the highest common divisor of 11300 and 114300?
100
What is the highest common factor of 63376 and 1360?
272
What is the greatest common factor of 193 and 37635?
193
What is the highest common divisor of 103429 and 1059?
353
What is the greatest common divisor of 12879384 and 42?
42
Calculate the highest common divisor of 175385 and 896.
7
What is the greatest common divisor of 542880 and 10208?
928
What is the highest common divisor of 34 and 2518040?
34
Calculate the highest common factor of 8 and 289000.
8
What is the greatest common divisor of 24 and 3346?
2
Calculate the greatest common factor of 1122 and 2442.
66
Calculate the highest common divisor of 169540 and 26460.
980
What is the greatest common factor of 28676 and 3752?
268
What is the greatest common divisor of 70 and 683515?
35
Calculate the highest common divisor of 34373 and 111.
37
Calculate the highest common divisor of 126950 and 125.
25
What is the greatest common factor of 63720 and 22420?
1180
What is the highest common factor of 2327 and 507?
13
What is the highest common divisor of 35748 and 135?
27
What is the highest common divisor of 31350 and 3575?
275
What is the greatest common divisor of 121648 and 16?
16
What is the highest common factor of 81 and 849?
3
Calculate the greatest common divisor of 87 and 6591.
3
Calculate the highest common factor of 400 and 22450.
50
Calculate the highest common factor of 1708 and 9184.
28
What is the highest common divisor of 1 and 1409?
1
What is the highest common factor of 96 and 37200?
48
What is the greatest common divisor of 63740 and 10?
10
What is the greatest common divisor of 1736467 and 19?
19
Calculate the greatest common factor of 6205 and 204.
17
Calculate the greatest common divisor of 247 and 5278.
13
Calculate the greatest common factor of 200 and 445.
5
What is the highest common divisor of 125549 and 18579?
563
What is the highest common factor of 9 and 198243?
9
Calculate the greatest common divisor of 42065 and 1645.
235
What is the greatest common factor of 984 and 38417?
41
What is the highest common divisor of 394343 and 417?
139
What is the highest common divisor of 140580 and 594?
198
Calculate the highest common factor of 850 and 1450.
50
What is the greatest common divisor of 18203 and 436?
109
Calculate the highest common divisor of 120660 and 420.
60
What is the highest common divisor of 324 and 170988?
12
What is the greatest common factor of 95 and 39715?
5
Calculate the greatest common factor of 11692 and 15721.
79
What is the highest common divisor of 995 and 3886470?
995
What is the greatest common factor of 3090 and 4260?
30
What is the greatest common divisor of 373677 and 7803?
867
Calculate the highest common divisor of 16456 and 1088.
136
What is the greatest common divisor of 70331 and 53?
53
W